d 13.
13
Suppose 0 = g - 3*l - 167, -4*g - 2*l = -0*g - 640. Calculate the highest common factor of 23 and g.
23
Let t(v) = -v**3 + 9*v**2 - 7*v - 1. Let c be t(8). What is the highest common factor of 4 and c?
1
Suppose -p + 3 = 1, -3*h + 5*p = 7. Suppose -g + h - 16 = -2*d, 4*d + 4*g = 24. Suppose -2*f = -d - 21. Calculate the highest common factor of f and 7.
7
Let s = -4 + 6. Suppose 5*u - s*u - 240 = 0. Calculate the highest common divisor of u and 10.
10
Let j(m) = 5*m + 4. Let p be j(3). What is the greatest common divisor of p and 133?
19
Let g be (0 + 22)*(-3)/(-6). Calculate the highest common factor of g and 99.
11
Let u(t) = -2*t**2 + 4*t - 2. Let x be u(-4). Let d = 80 + x. Suppose -2*k - 6 = -d. Calculate the greatest common factor of k and 6.
6
Suppose 4*a + 10 = 4*y - 90, -4*a = 4*y - 68. Calculate the highest common factor of y and 14.
7
Suppose 5*s + 2 = 137. Calculate the highest common divisor of s and 297.
27
Let v(k) = -k**3 - 5*k**2 - 3*k + 1. Let c be v(-5). Let t = 61 - c. What is the highest common factor of 9 and t?
9
Suppose -5*z - 3*k = -15, 0*z + 2*z - 4*k - 6 = 0. What is the highest common factor of z and 27?
3
Let n be 6/4*(-32)/(-3). Calculate the highest common factor of 4 and n.
4
Let w = -3 + 7. Calculate the greatest common factor of 32 and w.
4
Let i be 2*5/(-5)*-22. What is the greatest common factor of i and 11?
11
Suppose -4*u = -0*u - 8. Suppose 27 + 1 = u*t. Suppose 0 = -4*m - 2*d + t, -2*d = -3*m - 2 + 23. What is the highest common factor of 15 and m?
5
Let v = -122 + 10. Let k be (-4)/26 + v/(-52). Suppose 108 = k*f + 2*f. Calculate the highest common factor of 3 and f.
3
Suppose 9*u + 4 - 31 = 0. What is the greatest common divisor of u and 3?
3
Suppose 6*g = g + 10. Let u be (g + 1)/(-1 + 2). Suppose d - 97 = -4*n, 4*d = 4 - 0. Calculate the greatest common factor of u and n.
3
Let l(t) be the third derivative of t**6/120 + t**5/60 - t**4/8 + t**3/6 - 2*t**2. Let j be l(2). What is the highest common factor of 7 and j?
7
Suppose 4*f + 4*d - 48 = 0, -f - 2*d + 52 = 3*f. What is the highest common factor of f and 98?
14
Let j(u) = -u**2 + u + 5. Let p be j(4). Let m be 1/((-1)/p - 0). Suppose -m + 22 = 3*w. Calculate the greatest common divisor of 55 and w.
5
Suppose 0 = 2*m - 206 + 6. Let c(h) = 3*h + 2. Let d be c(6). Calculate the highest common factor of d and m.
20
Suppose 1 = 2*t - 21. Calculate the greatest common divisor of t and 55.
11
Suppose -6*q - 8 + 38 = 0. Let b(y) = -6*y - y**2 + y**3 + 3*y - 3*y**2. Let r be b(q). What is the greatest common factor of r and 50?
10
Let a = -13 - -18. Let o = 1 + 3. Suppose -o*s + a*s = 25. What is the highest common factor of s and 10?
5
Let s(z) = -z - 9. Let u(g) = g + 5. Let r(q) = -6*s(q) - 11*u(q). Let n be r(5). Let l = -16 - n. What is the greatest common factor of l and 50?
10
Let x(l) = l**2 + 7*l - 9. Let b be x(-8). Let r(v) = -7*v + 1. Let u be r(b). Suppose 2*o - 222 = -78. Calculate the greatest common divisor of o and u.
8
Let q be (1 + (-6)/4)/(9/(-126)). What is the greatest common divisor of 35 and q?
7
Suppose 2*i - 2*b = -7 - 59, 0 = -2*i + 5*b - 81. Let d = i + 53. What is the greatest common factor of d and 10?
5
Let r be (255/5)/(2/((-4)/(-3))). What is the greatest common divisor of r and 85?
17
Suppose -4*g + 11 = -13. Let o(z) = 4*z - 5. Let n be o(5). What is the highest common factor of g and n?
3
Let l be 0 + (2 - (3 + -2)). Suppose p - l = 1. Calculate the highest common divisor of p and 18.
2
Let j be 4/14 - (-117)/7. Let r be 2*((-918)/4)/(-3). What is the highest common divisor of j and r?
17
Suppose 0*h + h = -2. Let o be (h/(-6))/((-1)/(-3)). What is the highest common factor of 7 and o?
1
Let y = -3 + 9. Suppose -t - 4*t = 0. Suppose 3*b - 69 = -5*z, -4*z + t*z + 3*b = -66. What is the highest common factor of z and y?
3
Suppose 2*w + 16 = 4*w - 5*y, 12 = -3*y. Let x be 1/((-3)/(-294)) + w. Calculate the highest common factor of x and 12.
12
Let g(x) = -73*x + 8. Let m be g(-1). What is the greatest common factor of m and 9?
9
Let c be -7 - -5 - (-4 - -1). Let m be c/(-4) + (-146)/(-8). Suppose 0 = p - 3*p + 4. What is the greatest common divisor of m and p?
2
Let l be (-1)/(-4) + (-60)/(-16). Suppose 3*h + l*g - 26 = 5*g, -3*h = g - 22. What is the highest common factor of 2 and h?
2
Let w = -7 - -10. Suppose i - w*i = -60. Calculate the highest common factor of 6 and i.
6
Suppose 15 - 80 = 3*t - a, 2*a = 4*t + 90. Let s be (8/10)/(t/(-450)). Calculate the greatest common divisor of s and 2.
2
Suppose -4*g + 16 + 32 = 0. Suppose -5*q + 2*q = -g. Let p = -2 + q. What is the greatest common divisor of p and 18?
2
Let r = -7 + 10. Let i(y) = y. Let b be i(r). Suppose -j = 0, j - b = -z + 1. Calculate the highest common factor of z and 16.
4
Suppose 2*a - a - 390 = -5*l, 360 = 5*l - 5*a. Let u be ((-52)/10)/(3/(-15)). Let o = 37 - u. What is the greatest common divisor of l and o?
11
Suppose -r + 1 = -6. Let q be (r/(-2))/((-3)/6). Suppose 2*f = 3*f - q. What is the greatest common divisor of f and 56?
7
Let v be (6/(-4) + 0)*-6. Let z be (-4)/(-8)*2*v. What is the greatest common divisor of z and 3?
3
Let o = 0 + 25. Suppose g + 50 = y, -4*g = -2*y - 3*y + 198. Let h = 77 + g. What is the highest common factor of o and h?
25
Let a(g) = -g**3 + 10*g**2 - 15*g + 3. Let p be a(10). Let b = p - -246. Let q = -16 + 25. What is the highest common divisor of q and b?
9
Let n = 57 - 32. What is the highest common divisor of 5 and n?
5
Suppose 3*n - 135 = -2*n. Suppose 0 = 5*r - t - 0*t - 29, 4*r - n = -3*t. What is the greatest common divisor of 54 and r?
6
Let n(j) be the first derivative of j**4/4 + 2*j**3 + j**2 - 1. Let p be n(-6). Let t = p + 18. Calculate the highest common divisor of 48 and t.
6
Let w = -44 - -124. Calculate the highest common divisor of 20 and w.
20
Suppose -3 = -5*q + 7. Suppose -o + 3*a = -2*o + q, 4*o + 4*a - 24 = 0. What is the greatest common factor of o and 40?
8
Let p = 7 + -11. Let v = p + 14. What is the highest common divisor of 25 and v?
5
Let u(b) = b**2 + 11*b + 28. Let s be u(-18). What is the greatest common factor of 14 and s?
14
Suppose 0 = -s - 4 + 5. Let u be (s - 5)/8*-20. Let y be 30/2*6/1. Calculate the highest common divisor of u and y.
10
Suppose 0 = -3*a + k - 3*k - 2, 0 = -2*a + 3*k + 16. Suppose -3*p + a*p = -12. Let v be (2 + 48/(-9))*-9. Calculate the greatest common factor of v and p.
6
Let g = 6 - 2. Let z = g + 8. What is the highest common factor of z and 24?
12
Suppose -2*x = -t + 16, 0*x + 14 = 4*t + 2*x. Calculate the greatest common divisor of t and 66.
6
Let z(x) = -x**2 - 4*x + 4. Let b be z(-5). Let d be (-5)/2*2 + b. Let j be (7 + -2)/((-2)/d). What is the greatest common divisor of j and 3?
3
Let v(n) = 52 - 4*n + n**2 + 4*n - n. Suppose 0 = m - 0*m. Let k be v(m). Calculate the greatest common divisor of 13 and k.
13
Suppose 0 = 5*x - x. Suppose -2*f + 44 + 26 = x. Suppose -t + 2 = 0, 3*y = 4*y + 3*t - 13. Calculate the highest common factor of f and y.
7
Let t = 4 + -3. Suppose -t = -y, 5*x - 392 = -5*y - 62. What is the greatest common divisor of x and 13?
13
Suppose u + 5*c - 8 = -1, -4*u + 5*c + 53 = 0. What is the greatest common factor of u and 96?
12
Suppose -64 = -0*w - 4*w. Suppose 0 = -3*i + 4*i - 5*v - 65, 180 = 4*i - 4*v. Calculate the highest common factor of w and i.
8
Suppose 2*s - 10 = -0*s. Let a be (s/15)/((-3)/(-207)). What is the greatest common divisor of a and 115?
23
Let l(h) = h**3 + 5*h**2 - 5*h + 6. Let b be l(-6). Suppose z = -b*z + 1. Let t be z/(-2 + 22/10). What is the highest common divisor of 2 and t?
1
Let x(l) = -l**2 - 5*l + 8. Let y be x(-8). Let g be 3/(-6)*y - 3. What is the greatest common factor of g and 40?
5
Let q(x) = 2*x - 7. Let u be q(7). Let g = u - 7. Suppose i - b + g - 9 = 0, -6 = -i + 2*b. What is the greatest common factor of i and 84?
12
Let l(k) = 5*k - 7. Let d be l(5). Let t(j) = -j**3 + 16*j**2 - 28*j + 18. Let f be t(14). Calculate the greatest common factor of f and d.
18
Let s(k) = -k**3 + 12*k**2 + 13*k + 5. Let a be s(13). Calculate the greatest common divisor of a and 2.
1
Let w(x) = x + 24. Let c be w(6). Calculate the greatest common factor of 300 and c.
30
Let x(i) = -i**3 - i**2 - 3*i.